 -5*n + 1189, -620 = -8*n + 5*x + 1277. Let t(b) = 136*b**2 - 1. Let v be t(1). Let g = n - v. What is the units digit of g?
4
Suppose 204572 = 5*x + q, 41*x - 36*x - 204524 = -7*q. What is the units digit of x?
6
Suppose 11*w - 172 - 510 = 0. Let l = w - -418. What is the tens digit of l?
8
Let b(v) = 198*v**3 - 30*v**2 - 52*v - 11. What is the thousands digit of b(4)?
1
Let w = 854 - 392. Suppose -67*g = -16*g - 255. Suppose -g*j + 2*k + 328 = -439, -3*j = -3*k - w. What is the tens digit of j?
5
Suppose -5*i - 85 = -4*w, -6*w + 10*w - 65 = i. What is the tens digit of 325/w + (-2)/(-6)?
2
Let n(a) = a**2 - 2*a - 4. Let i be (-3)/2*4/3. Let y be n(i). Suppose y*v = 27 + 21. What is the units digit of v?
2
Let s(c) = 16*c + 32 - 4 - 5*c - c**2. Let b be s(13). Suppose b*v + 3*v - 255 = 0. What is the tens digit of v?
5
Let m(q) = -9*q + 9. Let u be m(2). Let d be (-1)/3 - ((-105)/u)/(-5). Suppose -r + 7*w = 5*w - 103, w = -d*r + 181. What is the tens digit of r?
9
Suppose 4*x - 12065 - 14439 = 2*q, 2*x - 13252 = 3*q. What is the tens digit of x?
2
Let s(j) = -7*j**3 - j**2 - 6*j + 6. Let k be s(-4). Let i = 744 - k. What is the units digit of i?
2
Let j = -795 - -509. What is the hundreds digit of 2/(-11) + (-358696)/j?
2
Suppose 0 = w + g - 158, -5*w + 3*g - 114 = -912. Let d = -82 + w. What is the tens digit of d?
7
Let o(u) be the first derivative of -u**3/3 + 24*u**2 + 127*u + 21. What is the tens digit of o(22)?
9
Let v(x) = -13*x - 11*x + 10*x - 18*x - 108. What is the hundreds digit of v(-12)?
2
Let p(n) = 121*n**2 + 4*n - 6. Let q be p(2). Suppose -2*z + q + 362 = 0. Let t = z - 172. What is the tens digit of t?
5
Let j(f) = -3*f - 31. Let y(g) = 2*g + 16. Let z be y(-7). Suppose 7*a + 71 = 4*a + z*h, -3*a - 65 = -5*h. What is the units digit of j(a)?
4
Let s = 3140 + 3078. What is the units digit of s?
8
Let p = -465 + 740. Let z = 4 - 191. Let g = p + z. What is the tens digit of g?
8
Suppose -39816 = -5*i - 0*i + 30119. What is the ten thousands digit of i?
1
Suppose 22*u = 14*u + 72. Let y(v) = 17*v**2 + 27*v + 17. What is the units digit of y(u)?
7
Suppose 2*s = a - 16, -22 = s - 13*a + 9*a. What is the units digit of (-162 + 48)*s/4?
1
Suppose -2*m - 3*m + 2*q = -60, 35 = 4*m + q. Let u(p) = -2*p + 12 + 11*p - m*p. What is the units digit of u(9)?
3
Let d(b) = -98*b**3 - 18*b**2 - 4*b + 6. What is the thousands digit of d(-7)?
2
Suppose -213 = 14*l - 11*l. Let s = -29 - l. Suppose -s = -4*n + n. What is the units digit of n?
4
Suppose 68*q - 448865 = 8*q - 70745. What is the units digit of q?
2
Let x(p) = -315*p**3 - 2*p**2 - 134*p - 834. What is the ten thousands digit of x(-6)?
6
Suppose -20*h + 16*h = -300. Suppose 4*i = 5*i - h. What is the units digit of i?
5
Suppose -119*v + 2*h = -117*v - 3442, 0 = 4*h - 12. What is the tens digit of v?
2
Let w = 20 + -20. Suppose 0 = -2*u - 3*n - 12, n - 3*n - 4 = w. What is the tens digit of (-394)/(-10) - u/(30/(-4))?
3
Suppose -8*i + 2972 + 7564 = 0. Let d = i - 745. What is the hundreds digit of d?
5
Let v(x) = x**2 + 23*x + 58. Let f be v(-27). Suppose -36*j + 38*j - f = 0. What is the tens digit of j?
8
What is the thousands digit of 5/(-3) - 64887133/(-1383)?
6
Suppose 0 = -2*x - q - 7967 + 1155, -5*x - 4*q - 17030 = 0. Let n be x/(-6) - 10/(-30). Suppose n = 11*p + 117. What is the units digit of p?
1
Suppose -216*s + 223*s - 7210 = 0. What is the hundreds digit of 2/(-3) - s/(-6)?
1
Let p(g) be the third derivative of g**6/120 + 23*g**5/60 + 23*g**4/24 + 29*g**3/3 + g**2 + 84*g. What is the hundreds digit of p(-18)?
2
Suppose 0 = 2*m + 4*k - 3*k - 229, 3*k + 578 = 5*m. Suppose 3*v - 4*p = m, 4*v - 24 = -p + 123. Let s = v + 42. What is the tens digit of s?
7
Let d(s) be the third derivative of -s**6/120 + s**4/8 + 11*s**3/6 + 6*s**2 - 2*s. What is the hundreds digit of d(-7)?
3
Suppose -86*s - 18944 = -2*n - 90*s, -2 = -s. What is the thousands digit of n?
9
Let l be (-2)/(-4) - 15/(-6). Suppose -p + 4*y - 1 = 0, 7 = l*p - 3*y + y. Let f = 36 - p. What is the units digit of f?
3
Let f be 10*((-4)/(-18) - (-130)/468). Suppose f*d = 2*b + 2403, 0 = d + 3*d - 2*b - 1922. What is the tens digit of d?
8
What is the ten thousands digit of 176592/12 + 15 - -2?
1
Suppose -4*m = -5*k + 29, 3*k = -m + 21 - 7. Suppose 0 = -2*c - k*o + 3251, c - 3*o = 5*c - 6537. What is the hundreds digit of c?
6
Let z be (-84)/9 - (-20)/15. Let v(u) = -u**2 - 6*u + 16. Let i be v(z). Suppose -2*q + 0*q + 228 = i. What is the hundreds digit of q?
1
Suppose -3*w + o + 4 - 657 = 0, 0 = -3*o + 6. Let f = w - -565. What is the tens digit of f?
4
Let z = -5180 - -11727. What is the units digit of z?
7
What is the ten thousands digit of 0/30 + -2 + 11165 + 3?
1
Suppose 0 = -17*f - f + 252. What is the tens digit of 2936/f - (4 - 30/7)?
1
Suppose -4*g = k + 199, -2*g = 2*g + 3*k + 189. Let h = 43 + g. Let m(s) = -s**3 - 7*s**2 + 2*s - 4. What is the units digit of m(h)?
4
Let f(a) = 3854*a**2 - 69*a + 89. What is the tens digit of f(3)?
6
Suppose 68*v = 872003 + 155613. What is the thousands digit of v?
5
Let h be -12 - -15 - 10/2. Let l be (-2 - -10)/h + 6 + 18. What is the tens digit of (l/4)/(-15)*-294?
9
Suppose -2*p = -j - 6, j - 31 = -3*j - 3*p. Let v be (-2 - 0)/(8/j). What is the tens digit of (v + 351/5)*(-170)/(-68)?
7
Suppose 2*t - 2188 = -j, 236*t = -5*j + 239*t + 10953. What is the tens digit of j?
9
Suppose 158 = -47*b + 48*b. Let p = b + 10. What is the hundreds digit of p?
1
Suppose -42*w + 11*w + 68479 = 0. What is the units digit of w?
9
Let o(k) = k**3 - 21*k**2 - 20*k - 44. Let g be o(22). Let d be 0 + g/4 + -1 + 5. Let l = 12 - d. What is the units digit of l?
8
Let g = 17 + -14. Suppose 5*w - g*i - 9 = 11, 0 = -i. Suppose -4*y - 5*q = -w*q - 19, y - 31 = 5*q. What is the units digit of y?
6
Let f(z) = -25*z**3 - 73*z**2 + 71*z + 181. Let u(x) = 9*x**3 + 24*x**2 - 24*x - 60. Let o(s) = 4*f(s) + 11*u(s). What is the tens digit of o(-29)?
2
Suppose 19 = 7*m - 23. Suppose -m*t = -9 + 3. What is the tens digit of t*(-1)/3 + (-2400)/(-18)?
3
Suppose 2*b + 3*w - 173 = -0*w, 5*b = -3*w + 446. Suppose 0 = -0*l - 4*l + 20. Suppose -b - 114 = -l*t. What is the tens digit of t?
4
Suppose 0 = 36*n - 312171 - 41637. What is the tens digit of n?
2
Let x(m) = 10 - 15 + 17 + 3*m**2. What is the units digit of x(-5)?
7
Let y be (44 - (1 - 1))/((-2)/5). Let q = -70 - y. Suppose -744 = -4*z - q. What is the hundreds digit of z?
1
Let f(t) = 2*t**2 + 33*t + 22. What is the tens digit of f(-27)?
8
Suppose -9*f - 2402 + 6641 = 0. Let w = -10 - -6. What is the tens digit of f/15 - w/(-60)*6?
3
What is the units digit of 6*((3 - (-105)/(-30)) + (-149)/(-6))?
6
Let z(x) = 108*x. Let j be z(-13). Let v = 753 - j. What is the tens digit of (0 + 1)/(v/(-720) - -3)?
4
Let o(y) = -3*y**3 - 34*y**2 - 51*y + 5. What is the tens digit of o(-22)?
1
What is the tens digit of (114/16*-754)/(4 + (-195)/48)?
5
Suppose 0 = 5*f - 1 - 9. Let p(n) = -2*n**2 - 25*n + 169. Let d be p(5). What is the units digit of 4/d*(1 + (-11)/f)?
3
Let t be (-56)/(-30) + 6/45. Suppose -t*x + 946 = -2*y, -y - 2231 = -4*x - 336. What is the hundreds digit of x?
4
Let x = -1257 + 3759. What is the tens digit of x/4*(4 + (-70)/21)?
1
Let z = -15713 - -84175. What is the units digit of z?
2
Suppose -28*l = -101003 - 56357. What is the thousands digit of l?
5
Suppose -25*g + 32 = -21*g. Suppose g*y - 5304 = -480. What is the units digit of y?
3
Let y(r) = -2 + 25*r + 3 + 13 + 1 + r**2 + 7*r. What is the hundreds digit of y(19)?
9
Suppose 5*o - 27725 - 6991 = 4*g, -4*o + 27744 = 4*g. What is the hundreds digit of o?
9
Let c = 30 + -39. Let m(s) = -s**3 - 6*s**2 + 11*s + 7. Let w be m(c). Suppose -6*z - 2*t + 405 = -z, 2*z - w = -3*t. What is the units digit of z?
3
Let u = -4204 - -46175. What is the units digit of u?
1
Suppose -4*n + 1208760 = 31*n. What is the ten thousands digit of n?
3
Suppose -16*v + 472886 = 51*v. What is the hundreds digit of v?
0
Let x = 146 - 143. Let c(d) = -d**3 + 3*d + 6. Let m be c(x). Let q(o) = 2*o**3 + 27*o**2 + 16*o + 8. What is the tens digit of q(m)?
4
Suppose -292873 + 28873 = -132*f. What is the tens digit of f?
0
Let g = -13369 + 16622. What is the tens digit of g?
5
Let u = 26 - 21. Suppose 0 = -3*n - 2*n - u*a 